True
Does 26 divide 345457528?
True
Is 1482 a factor of 220685220?
False
Is 134904137 a multiple of 229?
False
Is 481704470 a multiple of 4615?
True
Does 15 divide 27642483?
False
Is 19650332 a multiple of 19?
True
Is 84264147 a multiple of 11?
True
Is 21 a factor of 610179652?
False
Does 8 divide 157612223?
False
Is 7849579 a multiple of 3?
False
Is 40 a factor of 4980103260?
False
Does 87 divide 1206782759?
False
Is 71 a factor of 219519111?
False
Is 2324 a factor of 328262676?
True
Is 189674964 a multiple of 522?
True
Is 101305099 a multiple of 843?
False
Is 2 a factor of 13743556?
True
Is 38418301 a multiple of 2695?
False
Is 328139402 a multiple of 31?
True
Is 119450848 a multiple of 44?
True
Does 40 divide 467194073?
False
Does 1201 divide 43751447?
False
Does 617 divide 34077527?
True
Does 114 divide 57825024?
False
Is 44 a factor of 6303396?
True
Is 5041 a factor of 4161413?
False
Does 474 divide 140146306?
False
Is 2 a factor of 105039867?
False
Is 202 a factor of 206226850?
True
Does 66 divide 1283532426?
True
Is 3923 a factor of 339457190?
True
Is 303386800 a multiple of 6280?
True
Is 3954 a factor of 1761648269?
False
Does 109 divide 25291488?
True
Is 325714204 a multiple of 4?
True
Is 160824984 a multiple of 24?
True
Is 2 a factor of 112626216?
True
Is 7097377 a multiple of 42?
False
Does 275 divide 2065535453?
False
Is 30590773 a multiple of 42?
False
Does 16 divide 32785120?
True
Is 64624320 a multiple of 30?
True
Is 177 a factor of 567612450?
True
Does 812 divide 55808103?
False
Is 28 a factor of 73032652?
True
Does 87 divide 341308087?
False
Is 4968099592 a multiple of 362?
False
Is 171777750 a multiple of 250?
True
Is 1966292991 a multiple of 1079?
True
Is 486 a factor of 408924011?
False
Is 66 a factor of 13734006?
True
Does 4 divide 1071364?
True
Is 120 a factor of 17858236?
False
Is 40 a factor of 48352053?
False
Is 89033062 a multiple of 518?
False
Is 24498656 a multiple of 1504?
True
Is 210062160 a multiple of 3465?
True
Does 30 divide 659685450?
True
Is 23 a factor of 34556920?
False
Does 14 divide 881532274?
True
Is 29782398 a multiple of 168?
False
Is 434 a factor of 480607905?
False
Is 225039876 a multiple of 114?
True
Is 14 a factor of 18464138?
True
Does 341 divide 1079741940?
False
Is 1671 a factor of 35664153?
True
Is 660122111 a multiple of 43?
True
Is 47697288 a multiple of 24?
True
Is 41964672 a multiple of 1236?
True
Is 131471707 a multiple of 210?
False
Is 365732795 a multiple of 761?
True
Is 1018 a factor of 1126524025?
False
Is 31 a factor of 2441689735?
True
Is 139 a factor of 169112961?
False
Is 10 a factor of 13919062?
False
Does 548 divide 250903444?
True
Is 447340016 a multiple of 239?
False
Is 33737426 a multiple of 6?
False
Is 121433739 a multiple of 51?
False
Does 31 divide 37075772?
False
Is 243 a factor of 7314557?
False
Is 306849564 a multiple of 1766?
True
Is 56 a factor of 46508336?
True
Does 41 divide 288158294?
False
Does 274 divide 44418414?
True
Does 2 divide 196044543?
False
Is 3782102739 a multiple of 8059?
False
Is 504775478 a multiple of 6240?
False
Is 120908172 a multiple of 582?
True
Is 6551 a factor of 33927629?
True
Does 88 divide 39603256?
True
Is 25041846 a multiple of 8?
False
Does 124 divide 429647920?
False
Is 374 a factor of 323042831?
False
Does 546 divide 399995188?
False
Is 2952 a factor of 17136360?
True
Is 49239666 a multiple of 217?
False
Is 59095548 a multiple of 11148?
True
Does 270 divide 2009849220?
True
Is 5020 a factor of 478894441?
False
Is 3 a factor of 65872672?
False
Does 218 divide 35209324?
False
Does 794 divide 196404634?
True
Is 6 a factor of 54682441?
False
Is 382086026 a multiple of 27?
False
Does 350 divide 614063100?
True
Is 41749938 a multiple of 90?
False
Is 819 a factor of 98733726?
True
Does 69 divide 62321978?
False
Is 12 a factor of 2052029927?
False
Is 14 a factor of 333382632?
False
Is 280675610 a multiple of 2269?
False
Does 1210 divide 18790848?
False
Does 66 divide 1208266279?
False
Does 1160 divide 194400877?
False
Is 412 a factor of 444544853?
False
Does 161 divide 399080682?
True
Is 18 a factor of 8386922?
False
Is 571013600 a multiple of 74?
True
Is 49 a factor of 315203434?
False
Does 6 divide 40482737?
False
Is 138 a factor of 5263685148?
True
Does 16 divide 92974919?
False
Does 233 divide 18952976?
False
Is 1178 a factor of 5417632602?
True
Is 8625993 a multiple of 137?
False
Is 1250815043 a multiple of 170?
False
Is 2357829 a multiple of 45?
False
Is 1034 a factor of 827581487?
False
Is 2619416691 a multiple of 27?
True
Does 3571 divide 169624774?
False
Is 4782 a factor of 967728809?
False
Does 14 divide 77684250?
True
Is 205 a factor of 1475703362?
False
Is 611 a factor of 57693641?
False
Does 90 divide 915660450?
True
Does 3510 divide 2168788124?
False
Is 649292426 a multiple of 2600?
False
Is 60633651 a multiple of 7?
False
Is 21164982 a multiple of 46?
False
Does 21 divide 3747893373?
True
Is 465106086 a multiple of 1062?
True
Is 5566 a factor of 609181326?
False
Is 35 a factor of 75416390?
True
Is 503627669 a multiple of 17?
True
Is 2193 a factor of 1525245374?
False
Does 9 divide 12612834?
True
Is 368496455 a multiple of 31?
False
Does 40 divide 172788840?
True
Does 9 divide 22718340?
True
Is 4640088 a multiple of 796?
False
Is 3 a factor of 132050109?
True
Is 1075 a factor of 64819275?
True
Does 2 divide 110983?
False
Is 3793 a factor of 70065403?
False
Is 3702 a factor of 457230318?
True
Is 1580 a factor of 95190229?
False
Does 132 divide 104037104?
False
Is 1951391151 a multiple of 16?
False
Does 130 divide 190157834?
False
Does 57 divide 38340172?
False
Does 355 divide 52388415?
True
Is 24 a factor of 199037312?
False
Is 333 a factor of 6229839?
False
Is 7528425 a multiple of 134?
False
Is 22 a factor of 3817882?
False
Is 28951486 a multiple of 277?
True
Does 496 divide 928270369?
False
Is 79 a factor of 264239972?
False
Is 24662075 a multiple of 10?
False
Is 53609420 a multiple of 48?
False
Does 60 divide 10808086?
False
Is 1093602 a multiple of 26?
False
Is 34 a factor of 202601512?
True
Is 5492 a factor of 2636064760?
False
Is 8371476 a multiple of 6?
True
Is 1543 a factor of 140250985?
True
Does 11 divide 8136975?
True
Does 725 divide 4725231725?
True
Is 329638102 a multiple of 7376?
False
Is 421101692 a multiple of 116?
True
Does 1406 divide 21195597?
False
Is 84094759 a multiple of 26?
False
Is 12 a factor of 1475846460?
True
Does 205 divide 47496655?
True
Does 1749 divide 159957992?
False
Is 16 a factor of 123552?
True
Does 3 divide 12096092?
False
Is 6507724 a multiple of 100?
False
Is 4842 a factor of 277625754?
True
Is 1198062 a multiple of 1818?
True
Is 1282 a factor of 118213864?
False
Does 8 divide 748937889?
False
Is 62 a factor of 31503440?
True
Is 44 a factor of 76407317?
False
Is 554791666 a multiple of 517?
True
Is 766992832 a multiple of 296?
True
Is 53 a factor of 39955644?
False
Is 502 a factor of 17006470?
False
Is 18 a factor of 64980846?
True
Is 4 a factor of 416481468?
True
Is 920 a factor of 126157760?
True
Is 633 a factor of 1496457576?
True
Does 3950 divide 44811270?
False
Does 15 divide 374258793?
False
Does 9 divide 7061104?
False
Does 1801 divide 82512815?
True
Is 101 a factor of 834693997?
True
Does 568 divide 50949032?
True
Is 224637383 a multiple of 1157?
False
Does 34 divide 9181122?
True
Does 99 divide 67551616?
False
Does 5703 divide 1533578677?
False
Is 2355257172 a multiple of 4?
True
Is 2215 a factor of 763437405?
True
Is 352733934 a multiple of 7?
True
Does 55 divide 12827366?
False
Does 511 divide 1587997620?
False
Is 85020876 a multiple of 153?
True
Does 14 divide 1529920686?
True
Is 24 a factor of 34414944?
True
Is 8140713 a multiple of 553?
True
Is 77617980 a multiple of 657?
True
Is 523 a factor of 8930300?
False
Does 2309 divide 23875056?
False
Is 40241212 a multiple of 61?
True
Is 442 a factor of 1522214850?
True
Does 382 divide 31011906?
True
Does 153 divide 247647789?
True
Is 7943215 even?
False
Does 81 divide 20382273?
True
Does 14 divide 56917714?
True
Does 4725 divide 121574250?
True
Does 11 divide 16382190?
True
Is 158 a factor of 19380912?
True
Is 8 a factor of 67634573?
False
Does 3942 divide 1007776242?
True
Does 2794 divide 661708608?
True
Does 410 divide 138059